h(u).
10
Let k = 5 - 5. Suppose k = -0*x - 5*x + 45. Suppose -c - x = -4*c. Calculate the remainder when 4 is divided by c.
1
Suppose 0 = -3*y + 20 + 1. Let n(i) be the third derivative of i**5/60 - i**4/4 + 3*i**3/2 - i**2. Calculate the remainder when n(y) is divided by 9.
7
Suppose 12 = o + h, -10 = -o - 2*h + 2. Suppose p - o = 4*c - 79, 2*p = c - 8. Calculate the remainder when c is divided by 11.
7
Let i be 5/((10/12)/1). Let s = i - -2. What is the remainder when 20 is divided by s?
4
Let t(m) = m**3 + 5*m**2 + 5. Calculate the remainder when t(-4) is divided by (-48)/(-9) - 6/(-9).
3
Suppose -3*f = -f - 8. Let x be -7 + 0 - (2 + -3). Let g = x + 13. What is the remainder when g is divided by f?
3
Let d(y) = -10*y - 4. Let i(t) = 2*t**2 + 8*t + 6. What is the remainder when i(-6) is divided by d(-2)?
14
Let b = 14 + -8. Suppose -b*w + 4*w + 8 = 0. Let s = 50 - w. Calculate the remainder when s is divided by 16.
14
Let r = -46 - -120. What is the remainder when r is divided by 19?
17
Let y = -105 - -118. Calculate the remainder when 90 is divided by y.
12
Calculate the remainder when (-1128)/(-15) - 1/5 is divided by 19.
18
Let b = 47 - 39. What is the remainder when 31 is divided by b?
7
Let z = 18 + -18. Suppose z = -n + 2 + 1, -r + 5*n + 4 = 0. What is the remainder when r is divided by 11?
8
Suppose 1 = 3*d - 2. What is the remainder when 3 is divided by d?
0
Calculate the remainder when -82*(2/4 + -2) is divided by 31.
30
What is the remainder when -2*(-3)/(-27) + (-524)/(-9) is divided by 16?
10
What is the remainder when (257/2)/((-25)/(-50)) is divided by 13?
10
Let b(f) = -f**2 + 5*f - 4. What is the remainder when 12 is divided by b(2)?
0
Suppose -5*o + 106 = -2*o - d, -171 = -5*o - 4*d. Calculate the remainder when o is divided by 9.
8
Suppose -6*s + s = -255. Suppose 3*c = -3*t - 45, -2*t = -5*c + t - s. Calculate the remainder when 24 is divided by (-26)/3*c/8.
11
What is the remainder when 65 is divided by (2 + -1)/((-7)/(-119))?
14
Suppose 5*v - n = 2*n + 36, 5*v = -2*n + 51. What is the remainder when v is divided by 4?
1
Let i(q) = q**2 - 5*q + 5. Let h be i(5). Suppose -5*s - r = -35, s + 0*s + h*r = 31. What is the remainder when 17 is divided by s?
5
Suppose 55 = -0*d + 5*d. Suppose 0*f + 2 = f. Suppose f*c - 12 = -j - 4, 3*c - 5*j = 12. What is the remainder when d is divided by c?
3
Suppose 3*u + 4*m = 104, -3*m - 17 + 86 = 2*u. Calculate the remainder when 69 is divided by u.
33
Let i(l) = -l**2 - 9*l + 11. Let b be i(-10). What is the remainder when -5*(0 - 0 - b) is divided by 2?
1
Let n = -54 + 152. Suppose -n = -4*m - 38. What is the remainder when 58 is divided by m?
13
Let n(k) = -k**3 - 12*k**2 + 9*k - 7. Let p = 36 - 20. Calculate the remainder when n(-13) is divided by p.
13
Let w(t) = -t - 1. Let z be w(-2). Let l = 4 + z. Calculate the remainder when 8 is divided by l.
3
Suppose 0 = 5*i - 2 - 8. Let s(a) = 5*a - 3. Suppose 0 = -2*r + 4*n + 54, 5*r + 0*n = 3*n + 107. Calculate the remainder when r is divided by s(i).
5
Let n(s) = 3*s**3 - 2*s**2 + 2*s - 1. Let x be n(1). Suppose -3*q = -6*f + x*f + 22, -3*q - 5*f = -14. What is the remainder when 13 is divided by 1*q*5/(-2)?
3
Suppose 3*y = 4*y - 31. Let q(n) = n**2 + 7*n. Calculate the remainder when y is divided by q(-8).
7
Let o = -13 + 23. What is the remainder when 18 is divided by o?
8
Suppose 0 = -3*x + 9, x + 95 + 47 = -5*b. Let w = -15 - b. Calculate the remainder when w is divided by 10*(6/4 - 1).
4
Let o(s) = -s + 7. Suppose 3*q - 9 + 0 = 0. Suppose 2*v - 3*v + q = 0. Calculate the remainder when o(3) is divided by v.
1
Suppose u - 41 = -4*z + 4*u, 2*u + 38 = 4*z. What is the remainder when 30 is divided by z?
6
Suppose 0 = 7*w - 6*w - 22. Calculate the remainder when 87 is divided by w.
21
What is the remainder when 17 is divided by 316/36 + (-8)/(-36)?
8
Suppose 6 = -3*c, -18 = -5*q + 4*c - 0. What is the remainder when 11 is divided by q?
1
Suppose 2*p - 2*d + 5*d + 17 = 0, 4*d + 12 = 0. Let v(y) = -y + 2. Let a be v(0). Let j = a - p. What is the remainder when 17 is divided by j?
5
Suppose 10*y - 515 = -175. Calculate the remainder when y is divided by 20.
14
Let h be 2*(-1)/(-2) + 3. Suppose 0 = -3*s + h*s - 11. What is the remainder when 43 is divided by s?
10
Let t be (-45)/(-30)*6*-2. Let o(r) = -r**3 + r**2 + r + 4. What is the remainder when o(0) is divided by ((-12)/36)/(2/t)?
1
Let g be (1 + -1)/(6 + -5). Let j(c) = c + 2. Let b be j(3). Suppose 4*p + g*p = -3*i + 147, -2*i - b*p + 98 = 0. What is the remainder when i is divided by 17?
15
Let v(s) = 6*s**2 + s + 1. Let l = 25 + -14. Calculate the remainder when l is divided by v(-1).
5
What is the remainder when (22 - 1)*6/9 is divided by 5?
4
Let f = 55 - 47. Suppose 0 = 4*o - 44 - 8. Calculate the remainder when o is divided by f.
5
Let f(i) = i + 16. What is the remainder when 1 is divided by f(-15)?
0
Let r(s) = -s**2 - 5*s - 6. Let p be r(-3). Suppose 2*i + 3*g + 1 = i, -5*i + 4*g + 52 = p. What is the remainder when 29 is divided by i?
5
Calculate the remainder when ((-22 + -1)/1)/(-1) is divided by (96/40)/((-2)/(-10)).
11
Suppose -12*x + 180 = -0*x. Suppose 2*r - 126 = -r. What is the remainder when r is divided by x?
12
Suppose 8*r = 190 + 66. Calculate the remainder when 121 is divided by r.
25
Let p = -4 + 0. What is the remainder when 34 is divided by (16 - p) + (0 - 2)?
16
Suppose -3*w - w = -108. What is the remainder when w is divided by 10?
7
Suppose 0 = i - 3*i + 10. Let x(r) = r**3 - 5*r**2 - r + 3. Let q be x(i). What is the remainder when (q/4)/((-2)/80) is divided by 11?
9
What is the remainder when 12 is divided by 15 + -10 + 4*1?
3
Calculate the remainder when 30 is divided by (4 - -15) + 6/(-2).
14
Suppose 4*w = -q + 186, 0*q - 2*q - 2*w = -372. Suppose -10*n - 12 = -252. What is the remainder when (-2)/4 - q/(-4) is divided by n?
22
Suppose -2*l - 6 = -u, -u - 2*l = 2*l. What is the remainder when 10 is divided by u?
2
Suppose 0 = 15*m - 14*m - 3. Calculate the remainder when 4 is divided by m.
1
Suppose 2*z + 2*z = 2*u - 28, 0 = -5*u + 2*z + 94. Calculate the remainder when 58 is divided by u.
18
Let k = 96 + -51. Suppose -5*y - 20 = -0*y. Let d(c) = c**2 - 4. What is the remainder when k is divided by d(y)?
9
Let q be -2 + (2 - 0/(-1)). Suppose -5*a - 34 + 204 = q. What is the remainder when a is divided by 12?
10
Suppose -2*v - 5*f + 22 = -f, 4*v - 99 = 3*f. Let i(a) = -a**3 + 8*a**2 + 16*a - 1. Calculate the remainder when i(9) is divided by v.
20
Let k be 0 + -2 - -2 - 1. Let g be 1/((-2)/6)*k. Let s(o) = -o**2 + 8*o - 3. Calculate the remainder when 35 is divided by s(g).
11
Let i(g) be the first derivative of -2 + g**2 - 2*g + g + 4 + 3*g**3. What is the remainder when 29 is divided by i(1)?
9
Suppose -l + 2*g - 59 = -4*l, 0 = 2*l + 5*g - 21. What is the remainder when l is divided by 8?
7
Let s(d) = -d**3 + 9*d**2 - 2*d + 10. Let n(x) = x**3 - 10*x**2 + x - 11. Let a(k) = 3*n(k) + 4*s(k). What is the remainder when 36 is divided by a(4)?
17
Suppose -2*n + 0 = -6. Suppose 3*v + u - 58 = n*u, u + 59 = 3*v. Calculate the remainder when 78 is divided by v.
18
Let f(t) = t**2 - t + 2. Let w be f(3). Suppose 2*o = -4*c - w, 0 + 2 = 4*o + 2*c. What is the remainder when o/4 + (-6)/(-4) is divided by 2?
0
Let y = -4 - -9. Let v(x) = -x**2 + 7*x + 3. Let z be v(7). Let t(d) = d**3 - 2*d**2 - 3*d + 2. Calculate the remainder when y is divided by t(z).
1
Suppose 2*p - 4*b + 56 = 0, 0 = 8*b - 4*b - 20. Let x = -10 - p. What is the remainder when 31 is divided by x?
7
Suppose -15 = 5*o, 4*o = 4*w - o - 19. Calculate the remainder when (-5)/(10/(-8))*w is divided by 2.
0
Let q = 7 - -10. Let d = 377 + -345. What is the remainder when d is divided by q?
15
Suppose g + 4 = 9. What is the remainder when g is divided by 3?
2
Let q be 1/(-4) + 161/4. Let x = -14 + q. Let n = x - -30. What is the remainder when n is divided by 19?
18
Suppose -3*o = -x + 22, -29 = 2*x - 3*o - 85. Let f = -3 + 20. Let h = f - 5. Calculate the remainder when x is divided by h.
10
Let v = -27 - -66. What is the remainder when v is divided by 21?
18
Let v = -24 - -26. Calculate the remainder when 4 is divided by v.
0
Let f(v) = -12*v. Suppose 3*x - i + 1 = 0, x - i + 7 = -4*i. What is 